) = 2 - y**2 + j*y - 11*y + 6*y**2 - y**3. Determine b(5).
7
Let g(p) = -4*p + 30. Let h be (2*(-26)/(-13))/(12/21). Determine g(h).
2
Suppose 5*d - 436 + 460 = -3*q, 3*d - q = 8. Let k(o) be the third derivative of 0 - 2*o**2 + 0*o + d*o**3 + 1/30*o**5 + 1/6*o**4. Calculate k(-5).
30
Let t(y) = -15*y + 11*y**2 + 2 - 21*y + 34*y - 13*y**2 + y**3. Determine t(2).
-2
Let i(q) = 513 - 4*q + 578 + 0*q - 1578 + 559. Calculate i(14).
16
Let c(h) = -105*h**2 - 24*h - 273. Let p(u) = 118*u**2 + 23*u + 277. Let g(f) = -9*c(f) - 8*p(f). What is g(-20)?
1
Let q = 72 + -42. Suppose -18*d = -24*d + q. Let j(z) = d*z**2 + 23*z - 47*z + 22*z - 5 - z**3. Calculate j(5).
-15
Let b(d) = d**3 + 41*d**2 + 33*d - 275. Let o be b(-40). Let u(s) = -s**3 + 8*s**2 - 6*s - 44. Calculate u(o).
1
Let l(f) = 57 - 101*f**3 + 7*f**2 + 102*f**3 - 2*f - 100 + 49. Determine l(0).
6
Let x(u) = u**2 - 13*u - 13. Suppose -147*f + 3346 = -50*f + 142*f. What is x(f)?
1
Let t(y) = -y**2 + 6*y - 3. Let d = -4 - -8. Let n(b) = b**2 - 4*b + 13. Let z be n(4). Suppose -z*j = -d*j - 54. Calculate t(j).
-3
Let k(b) be the second derivative of -b**3/2 - 17*b**2/2 + 112*b. Suppose 0 = 3*n + 108 - 90. Calculate k(n).
1
Let h be ((-8)/(-14))/((-22)/(-231)). Suppose 0 = -2*o - 15 + 71. Let p(z) = z - o + 48 - 28. Calculate p(h).
-2
Suppose -10*y = 3*d - 7*y, -3*d = 4*y + 4. Suppose 0 = 2*i + d*h + 8, 3*h + 51 = 5*i + 6. Let s(b) = -b**2 + 3*b - 8. Determine s(i).
-26
Let s(y) = 12*y**2 + 6*y + 27. Let q be s(5). Let k(w) = q*w + 2 - 350*w - 4 + w**2. Suppose 4*i + 4 = -5*a, 5*a - 2*a = 5*i + 42. Give k(i).
-8
Let a(d) = d**3 - 3*d**2 - 2*d + 3. Let v be (5/(-10))/(1/12 + 0). Let c be v*(-4)/(-3)*12/(-24). Give a(c).
11
Let o(n) = 14*n - 1. Let a(f) = 40*f - 3. Let w(d) = -4*a(d) + 11*o(d). Let y = -124 - -119. What is w(y)?
31
Let h(v) = 37*v**2 + 72*v - 10. Let n(c) = -13*c**2 - 25*c + 3. Let t(b) = 6*h(b) + 17*n(b). What is t(-6)?
-15
Let p(a) = 7*a. Let b(w) be the first derivative of 1/4*w**4 + 3 - 11/2*w**2 + w**3 - 6*w. Let y be b(-5). Calculate p(y).
-7
Let q(d) = -36*d**3 + 3*d**2 - 70*d + 69. Let t be q(1). Let m(z) = -2*z**3 - 69*z**2 - 33*z + 47. What is m(t)?
13
Let b = 29 + -24. Let m(d) = -31 + 2*d + 2*d**3 + b*d**2 - 3*d**3 + d**2 + 24. Let o be (6/15)/((-4)/(-60)). Determine m(o).
5
Let a(t) = -3*t + 6. Suppose -4*z + 1355 = 159. Let g = -293 + z. Determine a(g).
-12
Let l(o) = -o**3 + 4*o**2 + o + 2. Suppose 0 = -6*z - 4 - 164. Let y be (-99)/(-21) + 20/z + 1. What is l(y)?
-18
Let i(s) = 30. Let n(v) = 29*v - 9. Let k(b) = -6*i(b) - n(b). Give k(-6).
3
Let j(f) = 13*f + 5. Let z(i) = 38*i + 14. Let k(g) = 17*j(g) - 6*z(g). Let y = -490 - -537. Suppose -42 + y = 5*d. What is k(d)?
-6
Let r(s) = 8*s**2 - 8*s + 14. Let m(i) = -3*i**2 - 2. Let p(f) = 2*m(f) + r(f). Determine p(7).
52
Let w(g) = -71*g**3 + 39*g**3 + 4 + 39*g**3 - 17 + 9*g + 11*g**2. Let y(h) = -4*h**3 - 5*h**2 - 4*h + 7. Let s(m) = 3*w(m) + 5*y(m). Give s(-6).
26
Let m(r) = -r**3 + 12*r**2 - 11*r + 2. Let k(p) = -p**3 + p**2 - 4*p + 11. Let t = -1019 - -1019. Let q be k(t). Give m(q).
2
Let o(x) be the second derivative of x**6/180 + x**5/120 - x**4/12 + x**3 + 4*x**2 - 3*x + 2. Let t(w) be the second derivative of o(w). Determine t(-2).
4
Let i(p) = -p**3 + 8*p**2 + 4*p + 3. Let y be i(-3). Let v(o) = -y*o + 47*o + 0*o**2 - o**2 + 46*o + 1. Determine v(2).
3
Suppose 2*p = 4*j - 146 + 46, -3*j = -3*p - 75. Suppose 0*i - 4*i - 5*g + 13 = 0, -j = 5*i - 2*g. Let r(c) = -33 - 23 - c + 100 - 26 - 24. What is r(i)?
-3
Let s = 115 - 99. Suppose -4*o = 3*x - 2*o - s, -4*o + 2 = x. Let r(y) = 3*y - 8. Determine r(x).
10
Let r(m) = -27*m**2 + 2*m - 2. Let s = -24594 - -24595. Calculate r(s).
-27
Let k be -9 - -6 - (-50)/10. Let f be (70/40*-4)/(-1 + k). Let p(h) = h**2 + 5*h + 10. Give p(f).
24
Let b = 174 - 178. Let j(x) = x**3 + 7*x**2 + 11*x - 2. Let o be j(b). Let v(p) = p**3 - 2*p**2 + 2*p + 1. Determine v(o).
5
Suppose -22*h + 36 = -18*h + 3*w, -2*h = 5*w - 32. Let t(q) = 81*q - 485. What is t(h)?
1
Let u(z) be the first derivative of 2*z**3/3 + 1. Let h(w) = -21*w + 7*w + w**3 - 36 - 2*w**3 - 37 + 37*w**2 - 20*w. Let x be h(36). Calculate u(x).
2
Let k(p) = p**2 + 13*p - 6. Let v(j) = 2*j**2 + 30*j - 37. Let b be v(-16). Determine k(b).
-46
Let y(m) = 10*m**2 + 4. Let r(q) = -7*q**2 + q - 2. Let s(n) = 3*r(n) + 2*y(n). Give s(2).
4
Let g(u) = 453*u**2 - u + 21 - 229*u**2 - 225*u**2 + 5*u. Calculate g(-5).
-24
Let j = -14 + 8. Let s(z) be the second derivative of z**3/2 + 7*z**2/2 + z - 139. Determine s(j).
-11
Suppose 0 = -3*h + 12, -28 = 4*l - 6*l - 3*h. Let o(v) = 23 + 11 - 2*v - 48 + 10 + 16. Determine o(l).
-4
Suppose -5*g - 8 = 67. Let u be ((-20)/6)/((-10)/g). Let z(c) = 4 - 20*c**2 - 21*c**2 + 8*c + 42*c**2. Calculate z(u).
-11
Let w(k) be the second derivative of 1 + 1/6*k**3 + k + 0*k**2 + 1/4*k**4. What is w(1)?
4
Let j(w) = -2*w + 2. Let c = 19 - 11. Let g be (-80)/6*(-12)/c. Suppose l + g = 6*l. Calculate j(l).
-6
Let g be (-7 - (-190)/25)*(-165)/(-33). Let c(x) = x**2 - 2*x + 1. Give c(g).
4
Let s(d) = 9*d + 17. Let n(o) = -16*o - 32. Let r(a) = -4*n(a) - 7*s(a). Give r(4).
13
Let f(w) = 26*w**2 - 260*w - 7. Let p be f(10). Let o(g) = g**2 + 8*g + 1. Determine o(p).
-6
Let l be (0 + 4 - -31)*-9. Let x = 317 + l. Let y(h) = -3*h**2 + 2. Calculate y(x).
-10
Let w be (-6)/(-1 - (0 - 0)). Let s(l) be the first derivative of -l + 2433. Let y(g) = 3*g + 14. Let m(d) = w*s(d) + y(d). Calculate m(-6).
-10
Let q(w) be the second derivative of -w**4/24 + 5*w**3/2 + 31*w**2 - 13*w. Let v(x) be the first derivative of q(x). Calculate v(8).
7
Let k(b) be the first derivative of -b**3/3 + 2*b**2 + b - 1. Let x be (-1)/((-1)/(-3)) - -10. Suppose x = -9*j + 52. What is k(j)?
-4
Let g(m) be the first derivative of -51 + 4*m + m**3 - m**2 + 1/4*m**4. Determine g(-4).
-4
Let s be ((-3)/(-12))/(4/32). Let u(y) = -2 + 0*y**2 + y**2 - s*y**2 - 5*y + 3. Suppose 2*o + 8 = 3*t - 2*t, 3*o - t = -14. Give u(o).
-5
Let b = -13053 - -1566361/120. Let p(t) be the third derivative of 0*t + 1/12*t**5 + b*t**6 + 26*t**2 + 0 + 1/12*t**4 - 5/6*t**3. Determine p(-4).
3
Let z(g) = g**2 - 15*g - 5. Suppose 3*c - 725*r - 44 = -724*r, -2*c = 3*r - 44. Calculate z(c).
11
Let z(b) = 7*b**2 + b - 4 + b**3 - b + 4*b. Suppose -72*g - 104 = -24*g + 88. Determine z(g).
28
Let h(d) be the third derivative of -5*d**4/24 - 11*d**3/6 - 297*d**2. Give h(-14).
59
Let h(p) = -p**2 + 27*p - 150. Let k(z) = z**3 - 128*z**2 + 252*z + 9. Let r be k(126). What is h(r)?
12
Let z(p) = 11*p - 1 + 42*p**2 + 60*p**2 - 101*p**2. Calculate z(-11).
-1
Let d(a) be the first derivative of -22*a**2 + 157*a - 5944. Calculate d(3).
25
Let d(q) = -26251*q + 2*q**3 + 7*q**2 - 26248*q - 13 + 52488*q. What is d(-6)?
-127
Let f(a) = 2594*a**2 + 14 + 2581*a**2 - a**3 - 5192*a**2 + 18*a. What is f(-18)?
14
Suppose 0 = -2*f + o + 22, 3*f + 31*o - 36 = 33*o. Let a(z) be the second derivative of -z**4/12 + 4*z**3/3 - z**2 - z. Determine a(f).
-2
Let z be (14/4)/(3/(-6)). Let d(f) = -58*f - f**2 - 10 + 46*f + 7*f. What is d(z)?
-24
Let h(d) = 92 - 17*d - 99 - d**2 - 7 - 7. Give h(-9).
51
Let c = 600 - 592. Suppose 0 = 32*r + 40 - c. Let x(j) = -10*j**3 - j**2 - 2*j - 1. What is x(r)?
10
Let t(z) be the second derivative of z**5/20 - z**4/3 + z**3 - 6*z**2 - 5732*z. What is t(5)?
43
Let d(l) be the first derivative of -29 + 7*l**2 + 1/60*l**5 + 0*l - 3/2*l**3 + 1/4*l**4. Let j(b) be the second derivative of d(b). What is j(-7)?
-2
Suppose -11*z = -6*z - 20. Let h(x) = 344*x + 9 + x**2 - 350*x - z. Give h(6).
5
Suppose -4*p - 2*w = -16, 2*p - w + 0 - 4 = 0. Suppose 2*i + 50 = -p*l - 3*i, 3*l = -2*i - 38. Let v(m) = m + 2. Give v(l).
-8
Suppose 0 = d - l + 7, 15 = 5*l - 10. Let p(h) = -h - 11. Let z(s) = s - 2. Let q(j) = -p(j) + 4*z(j). Calculate q(d).
-7
Let m(r) = -4*r - 7. Let v = 5207 - 5198. What is m(v)?
-43
Let a(p) be the first derivative of 10*p - 14 + 5 + 7*p - p**2 - 16*p. Calculate a(3).
-5
Let n = -25977 + 25984. Let r(i) = i - 11. Determine r(n).
-4
Let s(y) be the second derivative of -y**6/360 + y**5/30 - 7*y**4/24 + y**3/3 - 51*y**2/2 - 254*y. Let v(r) be the second derivative of s(r). Calculate v(4).
-7
Let k(y) = 9*y**2 - 11*y - 3. Let b(c) = -2*c**3 - 10*c**2 + 5